{"id":363,"date":"2020-03-10T21:16:55","date_gmt":"2020-03-10T21:16:55","guid":{"rendered":"https:\/\/startersites.io\/blocksy\/modern-shop\/?page_id=3"},"modified":"2025-12-01T23:54:13","modified_gmt":"2025-12-01T23:54:13","slug":"privacy-policy-2","status":"publish","type":"page","link":"https:\/\/ehub.buzzpulse.pl\/index.php\/privacy-policy-2\/","title":{"rendered":"Polityka Prywatno\u015bci"},"content":{"rendered":"\n<p><strong>1. Administrator Danych Osobowych<\/strong><br>\nAdministratorem danych osobowych jest Roman Korzhov prowadz\u0105cy dzia\u0142alno\u015b\u0107 gospodarcz\u0105 pod adresem ul. Idzikowskiego 44\/9, 54-129 Wroc\u0142aw, NIP: 8943202520, e-mail: ehub@ehub.studio.<\/p>\n\n<p><strong>2. Cele przetwarzania danych<\/strong><br>\nDane osobowe przetwarzane s\u0105 w celu:<br>\n&#8211; Realizacji zam\u00f3wienia i umowy sprzeda\u017cy (art. 6 ust. 1 lit. b RODO);<br>\n&#8211; Realizacji obowi\u0105zk\u00f3w prawnych, np. wystawiania faktur (art. 6 ust. 1 lit. c RODO);<br>\n&#8211; Dochodzenia roszcze\u0144 lub obrony przed nimi (prawnie uzasadniony interes administratora).<\/p>\n\n<p><strong>3. Odbiorcy danych<\/strong><br>\nDla prawid\u0142owego funkcjonowania sklepu konieczne jest korzystanie z us\u0142ug podmiot\u00f3w zewn\u0119trznych. Dane przekazujemy tylko wtedy, gdy jest to niezb\u0119dne do realizacji celu przetwarzania (np. firmom kurierskim InPost\/DPD w celu dostawy, operatorom p\u0142atno\u015bci w celu op\u0142acenia zam\u00f3wienia, biuru ksi\u0119gowemu).<\/p>\n\n<p><strong>4. Prawa osoby, kt\u00f3rej dane dotycz\u0105<\/strong><br>\nMasz prawo do dost\u0119pu do swoich danych, ich sprostowania, usuni\u0119cia (&#8222;prawo do bycia zapomnianym&#8221;), ograniczenia przetwarzania oraz przenoszenia danych.<\/p>\n\n<p><strong>5. Pliki Cookies<\/strong><br>\nSklep internetowy u\u017cywa plik\u00f3w cookies (ciasteczek) w celu zapewnienia bezpiecze\u0144stwa, logowania oraz poprawnego dzia\u0142ania koszyka. Mo\u017cesz wy\u0142\u0105czy\u0107 cookies w ustawieniach swojej przegl\u0105darki.<\/p>\n","protected":false},"excerpt":{"rendered":"<p>1. Administrator Danych Osobowych Administratorem danych osobowych jest Roman Korzhov prowadz\u0105cy dzia\u0142alno\u015b\u0107 gospodarcz\u0105 pod adresem ul. Idzikowskiego 44\/9, 54-129 Wroc\u0142aw, NIP: 8943202520, e-mail: ehub@ehub.studio. 2. Cele przetwarzania danych Dane osobowe przetwarzane s\u0105 w celu: &#8211; Realizacji zam\u00f3wienia i umowy sprzeda\u017cy (art. 6 ust. 1 lit. b RODO); &#8211; Realizacji obowi\u0105zk\u00f3w prawnych, np. wystawiania faktur (art. [&hellip;]<\/p>\n","protected":false},"author":1,"featured_media":0,"parent":0,"menu_order":0,"comment_status":"closed","ping_status":"open","template":"","meta":{"footnotes":""},"class_list":["post-363","page","type-page","status-publish","hentry"],"blocksy_meta":{"styles_descriptor":{"styles":{"desktop":"","tablet":"","mobile":""},"google_fonts":[],"version":6}},"_links":{"self":[{"href":"https:\/\/ehub.buzzpulse.pl\/index.php\/wp-json\/wp\/v2\/pages\/363","targetHints":{"allow":["GET"]}}],"collection":[{"href":"https:\/\/ehub.buzzpulse.pl\/index.php\/wp-json\/wp\/v2\/pages"}],"about":[{"href":"https:\/\/ehub.buzzpulse.pl\/index.php\/wp-json\/wp\/v2\/types\/page"}],"author":[{"embeddable":true,"href":"https:\/\/ehub.buzzpulse.pl\/index.php\/wp-json\/wp\/v2\/users\/1"}],"replies":[{"embeddable":true,"href":"https:\/\/ehub.buzzpulse.pl\/index.php\/wp-json\/wp\/v2\/comments?post=363"}],"version-history":[{"count":1,"href":"https:\/\/ehub.buzzpulse.pl\/index.php\/wp-json\/wp\/v2\/pages\/363\/revisions"}],"predecessor-version":[{"id":701,"href":"https:\/\/ehub.buzzpulse.pl\/index.php\/wp-json\/wp\/v2\/pages\/363\/revisions\/701"}],"wp:attachment":[{"href":"https:\/\/ehub.buzzpulse.pl\/index.php\/wp-json\/wp\/v2\/media?parent=363"}],"curies":[{"name":"wp","href":"https:\/\/api.w.org\/{rel}","templated":true}]}}