{"id":2105,"date":"2025-12-05T19:11:23","date_gmt":"2025-12-05T19:11:23","guid":{"rendered":"https:\/\/ehub.buzzpulse.pl\/index.php\/produkt\/organizer-3d-koszyk-swinka-organizer-na-dlugopisy-zolty-11x11-cm-unikalny-wzor\/"},"modified":"2025-12-05T20:11:46","modified_gmt":"2025-12-05T20:11:46","slug":"organizer-3d-koszyk-swinka-organizer-na-dlugopisy-zolty-11x11-cm-unikalny-wzor","status":"publish","type":"product","link":"https:\/\/ehub.buzzpulse.pl\/index.php\/produkt\/organizer-3d-koszyk-swinka-organizer-na-dlugopisy-zolty-11x11-cm-unikalny-wzor\/","title":{"rendered":"Organizer 3D Koszyk \u015awinka, organizer na d\u0142ugopisy \u2013 \u017c\u00f3\u0142ty, 11&#215;11 cm, unikalny wz\u00f3r"},"content":{"rendered":"<section class=\"section\">\n<div class=\"item item-12\">\n<section class=\"text-item\">\n<p><b>Oryginalny organizer w kszta\u0142cie \u015bwinki, wydrukowany w technologii 3D! \u00a0<\/b>Idealny jako pojemnik na d\u0142ugopisy, kredki, p\u0119dzle czy inne drobiazgi.<\/p>\n<p>\u2705\u00a0Specyfikacja:<\/p>\n<ul>\n<li>Wysoko\u015b\u0107 koszyka:\u00a08 cm<\/li>\n<li>\u015arednica koszyka:\u00a06 cm<\/li>\n<li>Wymiary figurki:\u00a011 x 11 cm<\/li>\n<li>Materia\u0142:\u00a0PLA (biodegradowalny plastik)<\/li>\n<li>Kolor:\u00a0\u017b\u00f3\u0142ty<\/li>\n<li>Tekstura:\u00a0Imitacja dzianiny<\/li>\n<\/ul>\n<p><b>Stylowy i zabawny design\u00a0\u2013 doskona\u0142y do dzieci\u0119cego pokoju, biura lub na prezent!<\/b><\/p>\n<\/section><\/div>\n<\/section>\n","protected":false},"excerpt":{"rendered":"<p>Oryginalny organizer w kszta\u0142cie \u015bwinki, wydrukowany w technologii 3D! \u00a0Idealny jako pojemnik na d\u0142ugopisy, kredki, p\u0119dzle czy inne drobiazgi. \u2705\u00a0Specyfikacja: Wysoko\u015b\u0107 koszyka:\u00a08 cm \u015arednica koszyka:\u00a06 cm Wymiary figurki:\u00a011 x 11 cm Materia\u0142:\u00a0PLA (biodegradowalny plastik) Kolor:\u00a0\u017b\u00f3\u0142ty Tekstura:\u00a0Imitacja dzianiny Stylowy i zabawny design\u00a0\u2013 doskona\u0142y do dzieci\u0119cego pokoju, biura lub na prezent!<\/p>\n","protected":false},"featured_media":2117,"template":"","meta":[],"product_brand":[],"product_cat":[25,36],"product_tag":[],"class_list":{"0":"post-2105","1":"product","2":"type-product","3":"status-publish","4":"has-post-thumbnail","6":"product_cat-organizery","7":"product_cat-organizery-na-biurko","9":"first","10":"instock","11":"taxable","12":"shipping-taxable","13":"purchasable","14":"product-type-simple"},"_links":{"self":[{"href":"https:\/\/ehub.buzzpulse.pl\/index.php\/wp-json\/wp\/v2\/product\/2105","targetHints":{"allow":["GET"]}}],"collection":[{"href":"https:\/\/ehub.buzzpulse.pl\/index.php\/wp-json\/wp\/v2\/product"}],"about":[{"href":"https:\/\/ehub.buzzpulse.pl\/index.php\/wp-json\/wp\/v2\/types\/product"}],"wp:featuredmedia":[{"embeddable":true,"href":"https:\/\/ehub.buzzpulse.pl\/index.php\/wp-json\/wp\/v2\/media\/2117"}],"wp:attachment":[{"href":"https:\/\/ehub.buzzpulse.pl\/index.php\/wp-json\/wp\/v2\/media?parent=2105"}],"wp:term":[{"taxonomy":"product_brand","embeddable":true,"href":"https:\/\/ehub.buzzpulse.pl\/index.php\/wp-json\/wp\/v2\/product_brand?post=2105"},{"taxonomy":"product_cat","embeddable":true,"href":"https:\/\/ehub.buzzpulse.pl\/index.php\/wp-json\/wp\/v2\/product_cat?post=2105"},{"taxonomy":"product_tag","embeddable":true,"href":"https:\/\/ehub.buzzpulse.pl\/index.php\/wp-json\/wp\/v2\/product_tag?post=2105"}],"curies":[{"name":"wp","href":"https:\/\/api.w.org\/{rel}","templated":true}]}}